{"id":1495,"date":"2018-07-02T20:00:07","date_gmt":"2018-07-02T23:00:07","guid":{"rendered":"https:\/\/ipat-bue.infd.edu.ar\/sitio\/orientacion-expresion-corporal\/"},"modified":"2020-11-24T16:04:25","modified_gmt":"2020-11-24T19:04:25","slug":"orientacion-expresion-corporal","status":"publish","type":"page","link":"https:\/\/ipat-bue.infd.edu.ar\/sitio\/orientacion-expresion-corporal\/","title":{"rendered":"Orientaci\u00f3n Expresi\u00f3n Corporal"},"content":{"rendered":"<ul>\n<li><strong>TITULO<\/strong><\/li>\n<\/ul>\n<p><strong>PROFESORADO DE DANZAS CON ORIENTACI\u00d3N EN EXPRESI\u00d3N CORPORAL<\/strong><\/p>\n<p><strong><u>INGRESO<\/u><\/strong>: Foba en Danzas \/acreditaci\u00f3n de saberes<\/p>\n<p><strong><span style=\"color: #008080;\">Primer a\u00f1o<\/span><\/strong><\/p>\n<p>Improvisaci\u00f3n y producci\u00f3n coreogr\u00e1fica I<\/p>\n<p>Conciencia corporal I<\/p>\n<p>Entrenamiento corporal<\/p>\n<p>Danzas folkl\u00f3ricas y populares I<\/p>\n<p>M\u00fasica I<\/p>\n<p>Fundamentos de la Expresi\u00f3n<\/p>\n<p><strong>Pr\u00e1ctica Profesional<\/strong><\/p>\n<p>Pr\u00e1ctica Docente I GENERALISTA<\/p>\n<p>Pr\u00e1ctica Docente I-ESPECIALISTA<\/p>\n<p><strong>General<\/strong><\/p>\n<p>Psicolog\u00eda de la Educaci\u00f3n<\/p>\n<p>Fundamentos de la Educaci\u00f3n<\/p>\n<p>Historia Social General<\/p>\n<p>&nbsp;<\/p>\n<p><strong><span style=\"color: #008080;\">Segundo a\u00f1o<\/span><\/strong><\/p>\n<p>Improvisaci\u00f3n y producci\u00f3n coreogr\u00e1fica I I<\/p>\n<p>Conciencia corporal II<\/p>\n<p>Entrenamiento corporal II<\/p>\n<p>Danzas folkl\u00f3ricas y populares II<\/p>\n<p>M\u00fasica II<\/p>\n<p>Historia de la Danza I<\/p>\n<p><strong>Pr\u00e1ctica Profesional<\/strong><\/p>\n<p>Pr\u00e1ctica Docente II-esp.<\/p>\n<p>Pr\u00e1ctica Docente II-gen.<\/p>\n<p><strong>General<\/strong><\/p>\n<p>Did\u00e1ctica general<\/p>\n<p>Psicolog\u00eda de la Educaci\u00f3n II<\/p>\n<p>Historia Sociopol\u00edtica de Latinoam\u00e9rica y argentina<\/p>\n<p>EDI:<\/p>\n<p><strong>\u00a0<\/strong><\/p>\n<p><strong><span style=\"color: #008080;\">Tercer a\u00f1o<\/span><\/strong><\/p>\n<p>Improvisaci\u00f3n y producci\u00f3n coreogr\u00e1fica I II<\/p>\n<p>Entrenamiento corporal III<\/p>\n<p>Taller de integraci\u00f3n M\u00fasicas y movimiento I<\/p>\n<p>Taller de Teatro<\/p>\n<p>Historia de la Danza II<\/p>\n<p>Did\u00e1ctica de la expresi\u00f3n Corporal<\/p>\n<p><strong>Pr\u00e1ctica Profesional<\/strong><\/p>\n<p>Pr\u00e1ctica Docente III esp.<\/p>\n<p><strong>General<\/strong><\/p>\n<p>Pol\u00edtica Educativa<\/p>\n<p>Teor\u00edas del Arte I<\/p>\n<p>EDI<\/p>\n<p>&nbsp;<\/p>\n<p><strong><span style=\"color: #008080;\">Cuarto a\u00f1o<\/span><\/strong><\/p>\n<p>Improvisaci\u00f3n y producci\u00f3n coreogr\u00e1fica I V<\/p>\n<p>Entrenamiento corporal IV<\/p>\n<p>Did\u00e1ctica de la expresi\u00f3n Corporal II<\/p>\n<p><strong>Pr\u00e1ctica Profesional<\/strong><\/p>\n<p>Pr\u00e1ctica Docente IVesp.<\/p>\n<p><strong>General<\/strong><\/p>\n<p>Teor\u00edas del Arte II<\/p>\n<p>EDI<\/p>\n<p><strong>\u00a0<\/strong><\/p>\n","protected":false},"excerpt":{"rendered":"<p>TITULO PROFESORADO DE DANZAS CON ORIENTACI\u00d3N EN EXPRESI\u00d3N CORPORAL INGRESO: Foba en Danzas \/acreditaci\u00f3n de saberes Primer a\u00f1o Improvisaci\u00f3n y producci\u00f3n coreogr\u00e1fica I Conciencia corporal I Entrenamiento corporal Danzas folkl\u00f3ricas y populares I M\u00fasica I Fundamentos de la Expresi\u00f3n Pr\u00e1ctica Profesional Pr\u00e1ctica Docente I GENERALISTA Pr\u00e1ctica Docente I-ESPECIALISTA General Psicolog\u00eda de la Educaci\u00f3n Fundamentos de &#8230; <a title=\"Orientaci\u00f3n Expresi\u00f3n Corporal\" class=\"read-more\" href=\"https:\/\/ipat-bue.infd.edu.ar\/sitio\/orientacion-expresion-corporal\/\" aria-label=\"More on Orientaci\u00f3n Expresi\u00f3n Corporal\">[+]<\/a><\/p>\n","protected":false},"author":36,"featured_media":0,"parent":0,"menu_order":0,"comment_status":"closed","ping_status":"closed","template":"","meta":[],"acf":[],"_links":{"self":[{"href":"https:\/\/ipat-bue.infd.edu.ar\/sitio\/wp-json\/wp\/v2\/pages\/1495"}],"collection":[{"href":"https:\/\/ipat-bue.infd.edu.ar\/sitio\/wp-json\/wp\/v2\/pages"}],"about":[{"href":"https:\/\/ipat-bue.infd.edu.ar\/sitio\/wp-json\/wp\/v2\/types\/page"}],"author":[{"embeddable":true,"href":"https:\/\/ipat-bue.infd.edu.ar\/sitio\/wp-json\/wp\/v2\/users\/36"}],"replies":[{"embeddable":true,"href":"https:\/\/ipat-bue.infd.edu.ar\/sitio\/wp-json\/wp\/v2\/comments?post=1495"}],"version-history":[{"count":3,"href":"https:\/\/ipat-bue.infd.edu.ar\/sitio\/wp-json\/wp\/v2\/pages\/1495\/revisions"}],"predecessor-version":[{"id":1647,"href":"https:\/\/ipat-bue.infd.edu.ar\/sitio\/wp-json\/wp\/v2\/pages\/1495\/revisions\/1647"}],"wp:attachment":[{"href":"https:\/\/ipat-bue.infd.edu.ar\/sitio\/wp-json\/wp\/v2\/media?parent=1495"}],"curies":[{"name":"wp","href":"https:\/\/api.w.org\/{rel}","templated":true}]}}