{"id":1497,"date":"2018-07-02T20:00:07","date_gmt":"2018-07-02T23:00:07","guid":{"rendered":"https:\/\/ipat-bue.infd.edu.ar\/sitio\/orientacion-pintura\/"},"modified":"2023-12-05T16:57:17","modified_gmt":"2023-12-05T19:57:17","slug":"orientacion-pintura","status":"publish","type":"page","link":"https:\/\/ipat-bue.infd.edu.ar\/sitio\/orientacion-pintura\/","title":{"rendered":"Orientaci\u00f3n Pintura"},"content":{"rendered":"<ul>\n<li><strong>\u00a0<\/strong><strong>TITULO<\/strong><\/li>\n<\/ul>\n<p><strong>PROFESORADO EN ARTES VISUALES CON ORIENTACI\u00d3N EN\u00a0PINTURA<\/strong><\/p>\n<p><strong><span style=\"color: #008080;\">Primer a\u00f1o<\/span><\/strong><\/p>\n<p>LENGUAJE VISUAL I<\/p>\n<p>DIBUJO I<\/p>\n<p>PINTURA I<\/p>\n<p>ESCULTURA I<\/p>\n<p>GRABADO Y ARTE IMPRESO I<\/p>\n<p>HISTORIA DE LAS A. VISUALES<\/p>\n<p>Pr\u00e1ctica Docente I<\/p>\n<p>Historia social general I<\/p>\n<p>Fundamentos de la Educaci\u00f3n<\/p>\n<p><strong><span style=\"color: #008080;\">Segundo a\u00f1o<\/span><\/strong><\/p>\n<p>LENGUAJE VISUAL II<\/p>\n<p>DIBUJO I I<\/p>\n<p>PINTURA II<\/p>\n<p>ESCULTURA II<\/p>\n<p>GRABADO Y ARTE IMPRESO II<\/p>\n<p>HISTORIA DE LAS A. VISUALES II<\/p>\n<p>Pr\u00e1ctica Docente II-esp.<\/p>\n<p>Historia sociopol\u00edtica de Latinoam\u00e9rica y Argentina<\/p>\n<p>Did\u00e1ctica General<\/p>\n<p>PSICOLOGIA DE LA EDUCACION II<\/p>\n<p>MURALISMO<\/p>\n<p><strong><span style=\"color: #008080;\">Tercer a\u00f1o<\/span><\/strong><\/p>\n<p>LENGUAJE VISUAL III<\/p>\n<p>DIBUJO I II<\/p>\n<p>TALLER BASICO PINTURA<\/p>\n<p>TALLER COMPLEMENTARIO I ESCULTURA<\/p>\n<p>MEDIOS AUDIOVISUALES E IMAGEN DIGITAL\u00a0I<\/p>\n<p>HISTORIA DE LAS ARTES VISUALES<\/p>\n<p>Pr\u00e1ctica Docente III<\/p>\n<p>Pol\u00edtica educativa<\/p>\n<p>Teor\u00edas del arte I<\/p>\n<p>DIDACTICA DE LAS ARTES VISUALES I<\/p>\n<p>ARTE PRECOLOMBINO ARGENTINO<\/p>\n<p><strong>\u00a0<\/strong><\/p>\n<p><span style=\"color: #008080;\"><strong>Cuarto a\u00f1o<\/strong><\/span><\/p>\n<p>TALLER BASICO III PINTURA<\/p>\n<p>DIBUJO IV<\/p>\n<p>TALLER COMPLEMENTARIO II GRABADO<\/p>\n<p>ARTES COMBINADAS<\/p>\n<p>DIDACTICA DE LAS ARTES VISUALES II<\/p>\n<p>Pr\u00e1ctica Docente IV<\/p>\n<p>Pr\u00e1ctica Docente IV<\/p>\n<p>Teor\u00edas del arte II<\/p>\n<p>Metodolog\u00eda de la investigaci\u00f3n en artes<\/p>\n","protected":false},"excerpt":{"rendered":"<p>\u00a0TITULO PROFESORADO EN ARTES VISUALES CON ORIENTACI\u00d3N EN\u00a0PINTURA Primer a\u00f1o LENGUAJE VISUAL I DIBUJO I PINTURA I ESCULTURA I GRABADO Y ARTE IMPRESO I HISTORIA DE LAS A. VISUALES Pr\u00e1ctica Docente I Historia social general I Fundamentos de la Educaci\u00f3n Segundo a\u00f1o LENGUAJE VISUAL II DIBUJO I I PINTURA II ESCULTURA II GRABADO Y ARTE &#8230; <a title=\"Orientaci\u00f3n Pintura\" class=\"read-more\" href=\"https:\/\/ipat-bue.infd.edu.ar\/sitio\/orientacion-pintura\/\" aria-label=\"More on Orientaci\u00f3n Pintura\">[+]<\/a><\/p>\n","protected":false},"author":36,"featured_media":0,"parent":0,"menu_order":0,"comment_status":"closed","ping_status":"closed","template":"","meta":[],"acf":[],"_links":{"self":[{"href":"https:\/\/ipat-bue.infd.edu.ar\/sitio\/wp-json\/wp\/v2\/pages\/1497"}],"collection":[{"href":"https:\/\/ipat-bue.infd.edu.ar\/sitio\/wp-json\/wp\/v2\/pages"}],"about":[{"href":"https:\/\/ipat-bue.infd.edu.ar\/sitio\/wp-json\/wp\/v2\/types\/page"}],"author":[{"embeddable":true,"href":"https:\/\/ipat-bue.infd.edu.ar\/sitio\/wp-json\/wp\/v2\/users\/36"}],"replies":[{"embeddable":true,"href":"https:\/\/ipat-bue.infd.edu.ar\/sitio\/wp-json\/wp\/v2\/comments?post=1497"}],"version-history":[{"count":5,"href":"https:\/\/ipat-bue.infd.edu.ar\/sitio\/wp-json\/wp\/v2\/pages\/1497\/revisions"}],"predecessor-version":[{"id":1839,"href":"https:\/\/ipat-bue.infd.edu.ar\/sitio\/wp-json\/wp\/v2\/pages\/1497\/revisions\/1839"}],"wp:attachment":[{"href":"https:\/\/ipat-bue.infd.edu.ar\/sitio\/wp-json\/wp\/v2\/media?parent=1497"}],"curies":[{"name":"wp","href":"https:\/\/api.w.org\/{rel}","templated":true}]}}

Orientación Pintura

<ul>
<li><strong> </strong><strong>TITULO</strong></li>
</ul>
<p><strong>PROFESORADO EN ARTES VISUALES CON ORIENTACIÓN EN PINTURA</strong></p>
<p><strong><span style="color: #008080;">Primer año</span></strong></p>
<p>LENGUAJE VISUAL I</p>
<p>DIBUJO I</p>
<p>PINTURA I</p>
<p>ESCULTURA I</p>
<p>GRABADO Y ARTE IMPRESO I</p>
<p>HISTORIA DE LAS A. VISUALES</p>
<p>Práctica Docente I</p>
<p>Historia social general I</p>
<p>Fundamentos de la Educación</p>
<p><strong><span style="color: #008080;">Segundo año</span></strong></p>
<p>LENGUAJE VISUAL II</p>
<p>DIBUJO I I</p>
<p>PINTURA II</p>
<p>ESCULTURA II</p>
<p>GRABADO Y ARTE IMPRESO II</p>
<p>HISTORIA DE LAS A. VISUALES II</p>
<p>Práctica Docente II-esp.</p>
<p>Historia sociopolítica de Latinoamérica y Argentina</p>
<p>Didáctica General</p>
<p>PSICOLOGIA DE LA EDUCACION II</p>
<p>MURALISMO</p>
<p><strong><span style="color: #008080;">Tercer año</span></strong></p>
<p>LENGUAJE VISUAL III</p>
<p>DIBUJO I II</p>
<p>TALLER BASICO PINTURA</p>
<p>TALLER COMPLEMENTARIO I ESCULTURA</p>
<p>MEDIOS AUDIOVISUALES E IMAGEN DIGITAL I</p>
<p>HISTORIA DE LAS ARTES VISUALES</p>
<p>Práctica Docente III</p>
<p>Política educativa</p>
<p>Teorías del arte I</p>
<p>DIDACTICA DE LAS ARTES VISUALES I</p>
<p>ARTE PRECOLOMBINO ARGENTINO</p>
<p><strong> </strong></p>
<p><span style="color: #008080;"><strong>Cuarto año</strong></span></p>
<p>TALLER BASICO III PINTURA</p>
<p>DIBUJO IV</p>
<p>TALLER COMPLEMENTARIO II GRABADO</p>
<p>ARTES COMBINADAS</p>
<p>DIDACTICA DE LAS ARTES VISUALES II</p>
<p>Práctica Docente IV</p>
<p>Práctica Docente IV</p>
<p>Teorías del arte II</p>
<p>Metodología de la investigación en artes</p>

<p> TITULO PROFESORADO EN ARTES VISUALES CON ORIENTACIÓN EN PINTURA Primer año LENGUAJE VISUAL I DIBUJO I PINTURA I ESCULTURA I GRABADO Y ARTE IMPRESO I HISTORIA DE LAS A. VISUALES Práctica Docente I Historia social general I Fundamentos de la Educación Segundo año LENGUAJE VISUAL II DIBUJO I I PINTURA II ESCULTURA II GRABADO Y ARTE &#8230; <a title="Orientación Pintura" class="read-more" href="https://ipat-bue.infd.edu.ar/sitio/orientacion-pintura/" aria-label="More on Orientación Pintura">[+]</a></p>
