{"id":1650,"date":"2020-11-24T17:03:09","date_gmt":"2020-11-24T20:03:09","guid":{"rendered":"https:\/\/ipat-bue.infd.edu.ar\/sitio\/?page_id=1650"},"modified":"2020-11-24T17:03:09","modified_gmt":"2020-11-24T20:03:09","slug":"tecnicatura-en-ilustracion","status":"publish","type":"page","link":"https:\/\/ipat-bue.infd.edu.ar\/sitio\/tecnicatura-en-ilustracion\/","title":{"rendered":"Tecnicatura en Ilustraci\u00f3n"},"content":{"rendered":"<ul>\n<li><strong>TITULO<\/strong><\/li>\n<\/ul>\n<p><strong>TECNICATURA EN ILUSTRACION<\/strong><\/p>\n<p><strong>\u00a0<\/strong><\/p>\n<p><strong>INGRESO<\/strong>: Foba Artes Visuales\/acreditaci\u00f3n de saberes<\/p>\n<p><strong>\u00a0<\/strong><\/p>\n<p><span style=\"color: #008080;\"><strong>Primer a\u00f1o<\/strong><\/span><\/p>\n<p><strong>TALLER DE TEXTO<\/strong><\/p>\n<p><strong>T\u00c9CNICAS BIDIMENSIONALES EN ILUSTRACI\u00d3N I<\/strong><\/p>\n<p><strong>COMUNICACI\u00d3N<\/strong><\/p>\n<p><strong>DIBUJO<\/strong><\/p>\n<p><strong>TALLER DE DISE\u00d1O GR\u00c1FICO<\/strong><\/p>\n<p><strong>HISTORIA DEL ARTE Y DEL DISE\u00d1O<\/strong><\/p>\n<p><strong>TALLER DE ILUSTRACI\u00d3N I<\/strong><\/p>\n<p><strong>PERCEPCI\u00d3N VISUAL<\/strong><\/p>\n<p><strong>GR\u00c1FICA ASISTIDA POR PC.I<\/strong><\/p>\n<p><strong>ESPACIO INSTITUCIONAL<\/strong><\/p>\n<p><strong>\u00a0<\/strong><\/p>\n<p><span style=\"color: #008080;\"><strong>Segundo a\u00f1o<\/strong><\/span><\/p>\n<p><strong>TALLER DE SONIDO<\/strong><\/p>\n<p><strong>T\u00c9CNICAS BIDIMENSIONALES EN ILUSTRACI\u00d3N II<\/strong><\/p>\n<p><strong>ESPACIO INSTITUCIONAL AEROGRAF\u00cdA<\/strong><\/p>\n<p><strong>DIBUJO II<\/strong><\/p>\n<p><strong>TECNOLOG\u00cdA I<\/strong><\/p>\n<p><strong>HISTORIA DE LA ILUSTRACI\u00d3N<\/strong><\/p>\n<p><strong>TALLER DE ILUSTRACI\u00d3N II<\/strong><\/p>\n<p><strong>SEMIOLOG\u00cdA DE LA IMAGEN<\/strong><\/p>\n<p><strong>GR\u00c1FICA ASISTIDA POR PC II<\/strong><\/p>\n<p><strong>\u00a0<\/strong><\/p>\n<p><span style=\"color: #008080;\"><strong>Tercer a\u00f1o<\/strong><\/span><\/p>\n<p><strong>DIBUJO III<\/strong><\/p>\n<p><strong>IMAGEN DIGITAL<\/strong><\/p>\n<p><strong>TECNICAS TRIDIMENSIONALES EN ILUSTRACION<\/strong><\/p>\n<p><strong>SOCIOLOG\u00cdA DE LA COMUNICACION<\/strong><\/p>\n<p><strong>ETICA YLEGISLACION<\/strong><\/p>\n<p><strong>ESPACIO INSTITUCIONAL: TALLER DE CARICATURA<\/strong><\/p>\n<p><strong>TALLER DE ILUSTRACI\u00d3N<\/strong><\/p>\n<p><strong>FOTOGRAF\u00cdA<\/strong><\/p>\n<p><strong>\u00a0<\/strong><\/p>\n<p><span style=\"color: #008080;\"><strong>Cuarto a\u00f1o<\/strong><\/span><\/p>\n<p><strong>ESPACIO DE ESPECIALIZACION I: ILUSTRACION EDITORIAL<\/strong><\/p>\n<p><strong>ESPACIO DE ESPECIALIZACION II: ILUSTRACION CIENT\u00cdFICA<\/strong><\/p>\n<p><strong>\u00a0<\/strong><\/p>\n<p><strong>ESPACIO DE ESPECIALIZACION III:<\/strong><\/p>\n<p><strong>ILUSTRACION ANIMADA<\/strong><\/p>\n<p><strong>TALLER DE ILUSTRACION APLICADA<\/strong><\/p>\n<p><strong>ARTE, CULTURA Y EST\u00c9TICA DEL MUNDO CONTEMPOR\u00c1NEO<\/strong><\/p>\n","protected":false},"excerpt":{"rendered":"<p>TITULO TECNICATURA EN ILUSTRACION \u00a0 INGRESO: Foba Artes Visuales\/acreditaci\u00f3n de saberes \u00a0 Primer a\u00f1o TALLER DE TEXTO T\u00c9CNICAS BIDIMENSIONALES EN ILUSTRACI\u00d3N I COMUNICACI\u00d3N DIBUJO TALLER DE DISE\u00d1O GR\u00c1FICO HISTORIA DEL ARTE Y DEL DISE\u00d1O TALLER DE ILUSTRACI\u00d3N I PERCEPCI\u00d3N VISUAL GR\u00c1FICA ASISTIDA POR PC.I ESPACIO INSTITUCIONAL \u00a0 Segundo a\u00f1o TALLER DE SONIDO T\u00c9CNICAS BIDIMENSIONALES EN &#8230; <a title=\"Tecnicatura en Ilustraci\u00f3n\" class=\"read-more\" href=\"https:\/\/ipat-bue.infd.edu.ar\/sitio\/tecnicatura-en-ilustracion\/\" aria-label=\"More on Tecnicatura en Ilustraci\u00f3n\">[+]<\/a><\/p>\n","protected":false},"author":36,"featured_media":0,"parent":0,"menu_order":0,"comment_status":"closed","ping_status":"closed","template":"","meta":[],"acf":[],"_links":{"self":[{"href":"https:\/\/ipat-bue.infd.edu.ar\/sitio\/wp-json\/wp\/v2\/pages\/1650"}],"collection":[{"href":"https:\/\/ipat-bue.infd.edu.ar\/sitio\/wp-json\/wp\/v2\/pages"}],"about":[{"href":"https:\/\/ipat-bue.infd.edu.ar\/sitio\/wp-json\/wp\/v2\/types\/page"}],"author":[{"embeddable":true,"href":"https:\/\/ipat-bue.infd.edu.ar\/sitio\/wp-json\/wp\/v2\/users\/36"}],"replies":[{"embeddable":true,"href":"https:\/\/ipat-bue.infd.edu.ar\/sitio\/wp-json\/wp\/v2\/comments?post=1650"}],"version-history":[{"count":1,"href":"https:\/\/ipat-bue.infd.edu.ar\/sitio\/wp-json\/wp\/v2\/pages\/1650\/revisions"}],"predecessor-version":[{"id":1651,"href":"https:\/\/ipat-bue.infd.edu.ar\/sitio\/wp-json\/wp\/v2\/pages\/1650\/revisions\/1651"}],"wp:attachment":[{"href":"https:\/\/ipat-bue.infd.edu.ar\/sitio\/wp-json\/wp\/v2\/media?parent=1650"}],"curies":[{"name":"wp","href":"https:\/\/api.w.org\/{rel}","templated":true}]}}